 List the prime factors of 1*(-1)/(2/a).
2
Let m(v) = v**3 - 12*v**2 - 5*v + 57. List the prime factors of m(14).
379
Let y(q) = 8*q**3 + 9*q**2 - 9*q - 4. What are the prime factors of y(5)?
2, 3, 7
Suppose -x = -3*x + 14. Suppose 0 = 2*r + 15 + x. Let k = 42 + r. List the prime factors of k.
31
Let u(a) = -a + 6. Let g be u(3). Suppose -g*d + 5*m = 19, -3*m + 6 - 1 = -5*d. List the prime factors of d + (-2 - -10) + 4.
2, 7
Let b(k) = 1308*k**3 - 12*k + 11. List the prime factors of b(1).
1307
Let d(o) = -4*o + 56. Let b be d(14). Let y(g) be the third derivative of -g**5/60 + 13*g**3/6 - g**2. What are the prime factors of y(b)?
13
Let u be ((-9)/(-2) - 4)*4. Let v(n) = -10 - 13*n + 0 - n**u - 2. List the prime factors of v(-10).
2, 3
List the prime factors of (-3)/7 - (-357942)/91.
3, 19, 23
Let y = -86 + 86. Suppose y = 3*n, 0 = -2*z + 3*n - 18 + 412. What are the prime factors of z?
197
Suppose 0 = 3*x - 4*x + 4*y - 375, y = -3. Let p = x + 681. What are the prime factors of p?
2, 3, 7
Let y = -9 + 1. Let k = -11 - y. List the prime factors of (24/k)/((-1)/2).
2
Let s(p) be the first derivative of p**4/4 - p**3 - 2*p**2 + 5*p - 2. Let m be s(4). Suppose m*w - 251 = -11. What are the prime factors of w?
2, 3
Let f(x) = -x**3 - 9*x**2 + 15*x + 50. What are the prime factors of f(-12)?
2, 151
Let x = 14 - 11. Suppose -23 - 68 = -4*m + a, 0 = 5*m + x*a - 135. List the prime factors of m.
2, 3
Let t be ((-4)/(-10))/(2/10). Suppose 4*i + 57 = 3*s - 186, t*i + 121 = s. Let m = i + 106. What are the prime factors of m?
2, 23
Suppose j - 2 + 4 = 0, 5*s = -3*j - 51. Let l(f) = f**2 - 11*f + 16. Let p be l(11). Let x = p - s. List the prime factors of x.
5
Let u(j) = j + 17. Let v be u(-12). Suppose v*g = -x + 981, 0 = -2*g - x + 179 + 211. What are the prime factors of g?
197
Suppose 0 = 6*q - 4 - 8. What are the prime factors of q + 39/(3 - 2)?
41
Suppose 0 = -f + 994 + 1136. List the prime factors of f.
2, 3, 5, 71
Let p = 119 + -81. Let v = p - 12. List the prime factors of v.
2, 13
Let c(t) = 33*t - 6. Let v(n) = -32*n + 5. Let s(k) = -4*c(k) - 3*v(k). List the prime factors of s(-3).
3, 13
Suppose 4*k + 40 = 144. What are the prime factors of (-10)/(-65) - (-4078)/k?
157
Let x(s) = s**2 + 17*s - 68. List the prime factors of x(6).
2, 5, 7
Let t(i) = -8*i + 1. Let a be t(8). Let f = -21 - a. List the prime factors of f.
2, 3, 7
Let f(o) = 2*o**2 + 24*o + 103. Let k(a) = a**2 + 24*a + 102. Let q(t) = 3*f(t) - 4*k(t). List the prime factors of q(20).
13, 17
Let w = 40 + -35. Suppose 74 = -0*n + 2*n + 5*d, w*n - 2*d - 185 = 0. What are the prime factors of n?
37
Suppose 2*q = 2*d - 5*d + 163, 2*d - 2*q - 122 = 0. Let v = 88 - d. Let x = v + -16. What are the prime factors of x?
3, 5
Suppose 0 = -3*f + 4*t + 505, 7*f + 500 = 10*f - 5*t. List the prime factors of f.
5, 7
Suppose 2*w = -4*d + 1634, 0*w = 3*d + 2*w - 1225. What are the prime factors of d?
409
Suppose -g + 18 = 3*y, 2*y - 16 = -3*g + 3. Suppose 0 = 2*k + y*q - 69, 5*k - 144 = k - 4*q. Let f = k + -25. List the prime factors of f.
2, 3
Let j be (-4)/6 - (-14)/3. Suppose -4*b = j*h + 16, b = -4*h - h - 4. What are the prime factors of 34 - -6 - h/(-2)?
2, 5
List the prime factors of (-1054)/(-8) - (-67)/268.
2, 3, 11
Suppose -230*a + 226*a = -11320. Suppose 3*c - 1124 + a = 5*t, 3*t - 1012 = -4*c. What are the prime factors of t?
2, 5, 17
Let o(i) = -3*i**3 + i**2 - i - 1. Let y be o(-2). Let b = y + -8. What are the prime factors of b?
3, 7
Let t be -2 + -10 + 4 + 0. Let x = 11 + t. What are the prime factors of x?
3
Let j(y) = y**2 + 12*y - 24. Let o be j(-14). Let f(h) = 3*h**3 - 9*h**2 + 12*h + 2. What are the prime factors of f(o)?
2, 7
Let g = 6395 - 4495. List the prime factors of g.
2, 5, 19
List the prime factors of (-4)/42 - 353122/(-294).
1201
Let x be 11/5 + -1*2/10. Suppose 47 + 11 = 2*u + x*w, -4*u + w = -91. List the prime factors of u.
2, 3
Let g = 1896 - 1875. List the prime factors of g.
3, 7
Let f be (-104)/28 - (-2)/(-7). Let g be (-3)/(-12) + (-323)/f. Let a = -44 + g. List the prime factors of a.
37
Let u(v) = -31*v + 3. Let r be u(-2). Suppose -r = -4*w + 91. List the prime factors of w.
3, 13
Let w = -26 - -28. What are the prime factors of (6*(1 - w))/((-6)/117)?
3, 13
What are the prime factors of 9232/18 + 6/((-378)/(-7))?
3, 19
Suppose d + 124 = -4*o, -3*o + 14 = -d + 100. What are the prime factors of 2 - (-4)/2 - o?
2, 17
Suppose -393*t + 399*t - 2394 = 0. List the prime factors of t.
3, 7, 19
Let s(p) = -p**3 + 3*p**2 - 4*p + 4. Let i be s(2). Suppose i = 3*q - 0*q + 15. What are the prime factors of 5*-1*25/q?
5
Suppose -2*i + 11 = -3. Let a be i - (2/2 + 2). Suppose -3*o + 4*z = -2, -4*o = -6*o - a*z + 28. List the prime factors of o.
2, 3
Suppose 2*g = -17 - 19. Let b = g + 20. Suppose -h = -b*h + 3. List the prime factors of h.
3
Suppose y - 38 = -5*a, -3*a - y = -5*y - 9. Suppose -a*p = -18*p + 957. List the prime factors of p.
3, 29
Suppose -44778 = -20*j + 3*j. What are the prime factors of j?
2, 3, 439
Let a(c) = -c**2 + 11*c - 7. Suppose 10*g - 44 = 6*g. Let q be a(g). List the prime factors of (-1)/(-2)*(-238)/q.
17
Let o(a) = 27*a**2 - 22. What are the prime factors of o(-5)?
653
Suppose 25 = -5*s, 4*s = u + 194 - 1455. What are the prime factors of u?
17, 73
Suppose 0 = 3*k - 2059 - 560. List the prime factors of k.
3, 97
Suppose -5*b + v + 3*v - 18 = 0, 8 = b + 5*v. Let m be b*1/2 - -1. Suppose m = -r - 3*q + 4*q + 22, 3*r = -2*q + 46. What are the prime factors of r?
2, 3
Let y(c) = -c - 7. Let x be y(-10). Suppose 3*t - 1173 = -4*s, -5*s - x*t + 4*t + 1452 = 0. List the prime factors of s.
3, 97
Suppose -21*w + 72 = -19*w. What are the prime factors of (-1)/8*-2*w?
3
Suppose 5*b = 3*x + 9327, 0 = 19*b - 24*b - 2*x + 9307. List the prime factors of b.
3, 23
Let f(v) be the second derivative of v**4/12 + v**3/2 - 3*v**2/2 - 12*v. What are the prime factors of f(9)?
3, 5, 7
Let w(y) = -32*y**3 - 3*y**2 - 4*y - 3. Let g be w(-2). Suppose 66 = 5*x - g. What are the prime factors of x?
3, 7
List the prime factors of 1 - (0 - (6 + 743)).
2, 3, 5
Let t = -15 - -23. Suppose -r - t = -3*r. Suppose -r*o + 7*o = 42. What are the prime factors of o?
2, 7
Let u(m) = 37*m + 70. What are the prime factors of u(46)?
2, 443
Suppose -11*o - 620 = -12*o. What are the prime factors of o?
2, 5, 31
Let m = 482 + 753. List the prime factors of m.
5, 13, 19
Let j be (2 + -2)/(-3 + 4). Let y be 236/24 - 2/(-12). Suppose -y*i + 15*i - 30 = j. List the prime factors of i.
2, 3
Suppose 2*a = -2*s + 240, -4*a = 2*s - s - 123. What are the prime factors of s?
7, 17
Let n(t) = -114*t + 1290. What are the prime factors of n(-37)?
2, 3, 17
Let c = -859 - -3495. List the prime factors of c.
2, 659
Let f(x) = x**3 - x**2 - 3*x + 1. Let l be f(4). Let r = l - -60. What are the prime factors of r?
97
Suppose 0 = 3*z - 12, 501 = 7*t - 2*t - z. List the prime factors of t.
101
Suppose -4*j + 390 = -j. Let l = j - 38. Suppose 0 = 2*w + 3*t - 91, 2*w + 5*t = 3*t + l. List the prime factors of w.
47
Let o(h) = 71*h - 764. List the prime factors of o(13).
3, 53
Let d = 4445 - 1655. What are the prime factors of d?
2, 3, 5, 31
Suppose -90*a + 85*a = 390. Let j = 1 - a. What are the prime factors of j?
79
Let p = -1010 + 1417. What are the prime factors of p?
11, 37
Suppose 36888 = -9*c + 62*c. What are the prime factors of c?
2, 3, 29
Let m(d) = -d + 14. Let a be m(-10). List the prime factors of 9/(-12) - (-1650)/a.
2, 17
Let c(h) = -h**2 - 20*h - 5. Let m be c(-12). Suppose -4*s + m + 53 = 0. List the prime factors of s.
2, 3
Let t(p) = 3*p**2 + 30*p + 126. List the prime factors of t(-18).
2, 3, 31
Suppose -22196 = 5*i - 36*i. List the prime factors of i.
2, 179
Let v(s) = s**3 + 58*s**2 - 30*s - 266. List the prime factors of v(-58).
2, 11, 67
List the prime factors of 2/((-2)/302*-2).
151
Suppose 38797 = 41*r - 26106. What are the prime factors of r?
1583
Let m = 1 - -545. List the prime factors of m.
2, 3, 7, 13
Suppose 0 = -c - q + 625 + 245, -3*q - 870 = -c. What are the prime factors of c?
2, 3, 5, 29
Suppose -5*c - n + 26 + 67 = 0, 24 = c + 2*n. Let l = -16 + c. Suppose 2*z - 56 = -l*z. What are the prime factors of z?
2, 7
Let p(a) = -7*a + 9. Let k be p(-3). Suppose 2*y